he prime factors of 3555?
3, 5, 79
List the prime factors of 2882.
2, 11, 131
List the prime factors of 158.
2, 79
List the prime factors of 1271.
31, 41
List the prime factors of 12213.
3, 23, 59
List the prime factors of 52.
2, 13
What are the prime factors of 684?
2, 3, 19
List the prime factors of 6742.
2, 3371
What are the prime factors of 8614?
2, 59, 73
List the prime factors of 76334.
2, 38167
List the prime factors of 2471.
7, 353
List the prime factors of 2079.
3, 7, 11
List the prime factors of 6607.
6607
What are the prime factors of 9352?
2, 7, 167
What are the prime factors of 3040?
2, 5, 19
List the prime factors of 1247.
29, 43
List the prime factors of 723.
3, 241
What are the prime factors of 92677?
13, 7129
List the prime factors of 347.
347
What are the prime factors of 8256?
2, 3, 43
List the prime factors of 125.
5
What are the prime factors of 776?
2, 97
List the prime factors of 6746.
2, 3373
What are the prime factors of 32470?
2, 5, 17, 191
List the prime factors of 863.
863
List the prime factors of 11743.
11743
What are the prime factors of 30246?
2, 3, 71
What are the prime factors of 1393?
7, 199
List the prime factors of 21112.
2, 7, 13, 29
What are the prime factors of 33424?
2, 2089
What are the prime factors of 1298?
2, 11, 59
List the prime factors of 156369.
3, 47, 1109
What are the prime factors of 75681?
3, 2803
List the prime factors of 137832.
2, 3, 5743
What are the prime factors of 22407?
3, 7, 11, 97
List the prime factors of 10095.
3, 5, 673
What are the prime factors of 40056?
2, 3, 1669
What are the prime factors of 278?
2, 139
List the prime factors of 37.
37
What are the prime factors of 25136?
2, 1571
List the prime factors of 51572.
2, 12893
List the prime factors of 17738.
2, 7, 181
List the prime factors of 902.
2, 11, 41
List the prime factors of 3558.
2, 3, 593
What are the prime factors of 33387?
3, 31, 359
What are the prime factors of 5917?
61, 97
List the prime factors of 392.
2, 7
What are the prime factors of 20948?
2, 5237
List the prime factors of 766.
2, 383
What are the prime factors of 5469?
3, 1823
What are the prime factors of 138?
2, 3, 23
What are the prime factors of 29897?
7, 4271
What are the prime factors of 2111?
2111
List the prime factors of 9863.
7, 1409
What are the prime factors of 8733?
3, 41, 71
List the prime factors of 12690.
2, 3, 5, 47
What are the prime factors of 5981?
5981
List the prime factors of 1281.
3, 7, 61
List the prime factors of 6072.
2, 3, 11, 23
What are the prime factors of 148?
2, 37
List the prime factors of 9369.
3, 347
What are the prime factors of 986?
2, 17, 29
List the prime factors of 653.
653
List the prime factors of 23587.
103, 229
What are the prime factors of 15858?
2, 3, 881
List the prime factors of 12655.
5, 2531
What are the prime factors of 30318?
2, 3, 31, 163
List the prime factors of 980.
2, 5, 7
What are the prime factors of 11234?
2, 41, 137
What are the prime factors of 44104?
2, 37, 149
What are the prime factors of 1105?
5, 13, 17
List the prime factors of 3945.
3, 5, 263
What are the prime factors of 1832?
2, 229
List the prime factors of 2002.
2, 7, 11, 13
What are the prime factors of 390?
2, 3, 5, 13
List the prime factors of 4534.
2, 2267
List the prime factors of 878.
2, 439
List the prime factors of 4880.
2, 5, 61
List the prime factors of 4532.
2, 11, 103
What are the prime factors of 24888?
2, 3, 17, 61
List the prime factors of 13284.
2, 3, 41
List the prime factors of 55864.
2, 6983
What are the prime factors of 2320?
2, 5, 29
What are the prime factors of 59174?
2, 29587
What are the prime factors of 1237?
1237
What are the prime factors of 26888?
2, 3361
What are the prime factors of 830?
2, 5, 83
What are the prime factors of 49920?
2, 3, 5, 13
List the prime factors of 4232.
2, 23
List the prime factors of 10113.
3, 3371
What are the prime factors of 887?
887
What are the prime factors of 240?
2, 3, 5
List the prime factors of 255.
3, 5, 17
What are the prime factors of 1004?
2, 251
What are the prime factors of 9297?
3, 1033
What are the prime factors of 3505?
5, 701
List the prime factors of 8454.
2, 3, 1409
What are the prime factors of 137756?
2, 34439
What are the prime factors of 44593?
19, 2347
List the prime factors of 58012.
2, 14503
List the prime factors of 2099.
2099
List the prime factors of 2485.
5, 7, 71
List the prime factors of 42583.
97, 439
What are the prime factors of 24094?
2, 7, 1721
What are the prime factors of 962?
2, 13, 37
What are the prime factors of 1011?
3, 337
List the prime factors of 10792.
2, 19, 71
What are the prime factors of 174?
2, 3, 29
List the prime factors of 17463.
3, 5821
List the prime factors of 309.
3, 103
What are the prime factors of 4944?
2, 3, 103
List the prime factors of 40910.
2, 5, 4091
List the prime factors of 4302.
2, 3, 239
What are the prime factors of 915?
3, 5, 61
What are the prime factors of 61463?
61463
What are the prime factors of 91171?
17, 31, 173
List the prime factors of 97775.
5, 3911
List the prime factors of 817.
19, 43
What are the prime factors of 4712?
2, 19, 31
List the prime factors of 111375.
3, 5, 11
What are the prime factors of 33159?
3, 7, 1579
What are the prime factors of 1185?
3, 5, 79
What are the prime factors of 527?
17, 31
List the prime factors of 1466.
2, 733
List the prime factors of 52384.
2, 1637
List the prime factors of 8553.
3, 2851
What are the prime factors of 15379?
7, 13
What are the prime factors of 29664?
2, 3, 103
What are the prime factors of 1449?
3, 7, 23
List the prime factors of 53289.
3, 31, 191
What are the prime factors of 318?
2, 3, 53
What are the prime factors of 21139?
21139
What are the prime factors of 11978?
2, 53, 113
List the prime factors of 14418.
2, 3, 89
List the prime factors of 117069.
3, 39023
List the prime factors of 2873.
13, 17
What are the prime factors of 26387?
26387
What are the prime factors of 1017?
3, 113
List the prime factors of 8570.
2, 5, 857
List the prime factors of 223.
223
What are the prime factors of 50622?
2, 3, 11, 13, 59
What are the prime factors of 160?
2, 5
What are the prime factors of 3380?
2, 5, 13
List the prime factors of 941.
941
List the prime factors of 6670.
2, 5, 23, 29
What are the prime factors of 1315?
5, 263
What are the prime factors of 975?
3, 5, 13
List the prime factors of 57169.
7, 8167
List the prime factors of 170.
2, 5, 17
What are the prime factors of 19180?
2, 5, 7, 137
List the prime factors of 6151.
6151
What are the prime factors of 47708?
2, 11927
What are the prime factors of 3505?
5, 701
List the prime factors of 6440.
2, 5, 7, 23
What are the prime factors of 62806?
2, 31, 1013
What are the prime factors of 3846?
2, 3, 641
What are the prime factors of 3008?
2, 47
What are the prime factors of 4005?
3, 5, 89
List the prime factors of 4057.
4057
List the prime factors of 1462.
2, 17, 43
List the prime factors of 15095.
5, 3019
What are the prime factors of 793?
13, 61
List the prime factors of 3045.
3, 5, 7, 29
What are the prime factors of 1332?
2, 3, 37
What are the prime factors of 584?
2, 73
List the prime factors of 1713.
3, 571
What are the prime factors of 6562?
2, 17, 193
What are the prime factors of 1273?
19, 67
What are the prime factors of 13325?
5, 13, 41
List the prime factors of 133635.
3, 5, 59, 151
List the prime factors of 12519.
3, 13, 107
List the prime factors of 8466.
2, 3, 17, 83
List the prime factors of 6461.
7, 13, 71
List the prime factors of 3160.
2, 5, 79
List the prime factors of 8728.
2, 1091
List the prime factors of 17723.
37, 479
What are the prime factors of 13986?
2, 3, 7, 37
What are the prime factors of 96199?
96199
What are the prime factors of 6310?
2, 5, 631
What are the prime factors of 6125?
5, 7
What are the prime factors of 93871?
93871
What are the prime factors of 1011?
3, 337
List the prime factors of 401.
401
List the prime factors of 1736.
2, 7, 31
List the prime factors of 344.
2, 43
What are the prime factors of 2039?
2039
List the prime factors of 4236.
2, 3, 353
List the prime factors of 43.
43
What are the prime factors of 2483?
13, 191
List the prime factors of 90069.
3, 7, 4289
What are the prime factors of 10962?
2, 3, 7, 29
What are the prime factors of 6